-322. Let u be k + (5 + -1)*-1. Let i(s) = -4*s**2 - s - 1. What is i(u)?
-4
Let j = -38 + 113. Let t(v) = 152 - j + 5*v - 79. Determine t(4).
18
Let x(b) = -1 + 4 + 8*b**2 + 9*b + 17 + 4*b**3 - 5*b**3. Calculate x(9).
20
Let l(h) = -3*h**2 - h - 66. Let c = -14254 - -14254. What is l(c)?
-66
Let j(r) = -3*r - 38. Let v(x) = -5*x - 26. Let t(d) = 3*j(d) - 4*v(d). What is t(-4)?
-54
Let v(n) = 481*n + 1 - 225*n - 254*n. Determine v(5).
11
Let a(y) = -6*y**2 + 11*y - 4. Let l(h) = -2*h**2 + 4*h - 1. Let q(z) = -3*a(z) + 8*l(z). What is q(-3)?
25
Suppose -b = -4*j + 12, 4*b + 0*j = -j + 20. Suppose 0 = 4*c + 4*q - 152 - 4, -2*c = -b*q - 96. Let o(m) = 23 + 20 - c + m. Give o(-3).
-2
Let b(c) = 2*c**2 - 9*c - 13. Let k(u) = -3*u**2 + 10*u + 19. Let x(s) = -4*b(s) - 3*k(s). Calculate x(3).
22
Let t(f) = -160*f**2 + 2*f + 10*f**3 + 0*f - 7*f**3 + 156*f**2. What is t(2)?
12
Let v be 2/(-44)*4 - 64/11. Suppose -m - g + 12 = g, -4*m + 2*g = 2. Let r = m + v. Let j(n) = n**3 + 4*n**2 + n + 5. Determine j(r).
1
Suppose 19*d - 475 = -0*d. Let j(c) = -d*c + 1 - 2 - 4 + 23*c. Give j(-4).
3
Let i be -331 - 1/(3/(-15)). Let w = i + 329. Let n(y) = -y**2 + 7. Determine n(w).
-2
Let p(t) be the third derivative of t**5/30 + 5*t**4/12 + t**3/3 + 10*t**2 - 9*t - 111. Let n = -5 + 0. Calculate p(n).
2
Let p(g) = g**3 + 4*g**2 - 6*g - 2. Let i = 3729 - 3734. What is p(i)?
3
Let s(g) = -22*g + 225. Let h = -7938 + 7948. Calculate s(h).
5
Let z(o) = 14*o - 134. Let a(y) = -y**2 - 132*y - 865. Let c be a(-7). What is z(c)?
6
Let o(q) = 15*q**2 + 5*q**2 - 13*q**2 + 1 - 15*q - q**3 + 5*q**2. Give o(10).
51
Let o(y) = -69*y**2 + y + 3. Let c(w) = 7*w**2 - w + 1. Let r(z) = -10*c(z) - o(z). What is r(3)?
5
Let j = 55 + -27. Suppose 5*o - j = -3. Let t(x) = 2 - x**2 + 4 + o*x + 7 - 5. Give t(6).
2
Let n be (52/(-36) - (-96)/216)/(-1 - -2). Let s(t) = -19*t**2 - 9*t - 7. Give s(n).
-17
Suppose 0 = -2*p - 72 + 86. Let q(i) = 8*i + 511 - 508 - p*i. Let u = 2 + -2. Give q(u).
3
Let a(l) = -l**2 - 9*l - 3. Suppose -5*x = -3*d - 45, -15 - 3 = -2*x - 2*d. Suppose i + x + 2 = -n, -5*n - 1 = -4*i. Determine a(i).
15
Suppose 5*z + 6*c = 8*c + 18, -4*c = -5*z + 16. Let f(n) = n - 4*n - 3*n - 9 - z*n + 3*n. What is f(-2)?
5
Let l(j) = -88*j - 1328. Let m be l(-15). Let x(f) = f**2 - 11*f - 148. What is x(m)?
4
Let i(c) be the first derivative of c**4/12 + c**3/2 - 5*c**2 + 12*c + 117. Let h(g) be the first derivative of i(g). Determine h(-5).
0
Let x(r) = -3*r + 7. Suppose 0 = 8*w - 4*w - 196. Let m = w + -34. Let y be (-65)/m - ((-2)/(-3) - 0). Give x(y).
22
Let y be 11/165*27 + (-6)/(-5)*1. Let i(f) be the first derivative of 6*f + 4*f**2 + 7 + 1/3*f**y. What is i(-6)?
-6
Let n(u) = 3*u - 3 + 0 + 2 + u**2. Let s(y) be the third derivative of y**5/60 + 17*y**4/24 + 19*y**3/2 + 84*y**2. Let j be s(-12). Determine n(j).
-1
Let m(d) = d**2 + 7*d - 4. Suppose 11*z = 6*z + 105. Let l be (0 - (-370)/6) + (-14)/z. Suppose 0 = 10*o + l - 1. What is m(o)?
-10
Let x(n) = -n**2 - 11*n + 33. Let c = -936 + 923. Calculate x(c).
7
Let g = -4948 - -4953. Let f(c) = -c**3 + 7*c**2 - 6*c - 8. Calculate f(g).
12
Let a(i) = i**2 - 17*i - 12. Let m(o) = 63*o + 1907. Let q be m(-30). What is a(q)?
-12
Let r(x) = 0*x**3 + 2*x - x**3 + 24875787 - 24875825 + 15*x**2. Calculate r(15).
-8
Let n(u) = -1997 - 2144 + 4265 - 29*u. Give n(4).
8
Let f(c) = 15 + 10*c**2 + 54 - c**2 - c**3 + 16*c. Let p be f(11). Let y(z) = -z**3 + 4*z**2 - z. Give y(p).
6
Let q(r) be the first derivative of -41*r**4/4 + 3*r**2/2 - 3*r + 2443. What is q(1)?
-41
Let p be (-21)/7 + 38 + -1. Let w = p + -28. Let a(j) be the second derivative of j**4/12 - 2*j**3/3 - 5*j**2/2 + 9*j. Give a(w).
7
Suppose 3*z - 3 = 2*o, -2*z - 166 = -2*o - 172. Let q(f) = f**3 + 6*f**2 + 6*f - 5. Calculate q(z).
4
Let x = 20 + -17. Suppose -i - 4*r = -2*r, -3*r - 6 = 0. Let f(y) = -3*y + 5*y + y**2 + x - 5*y**2 - y**3 - i*y. Determine f(-3).
0
Let g(m) = 20*m - 3*m - 9*m + 1. Let x = 7 - 8. Determine g(x).
-7
Let s(d) be the first derivative of -23 - 7*d - 1/2*d**2. Let a(u) = -u**2 - 16*u - 54. Let x be a(-12). Determine s(x).
-1
Suppose 0 = -74*d - 448 - 292. Let f(s) be the second derivative of -s**4/12 - 2*s**3 - 12*s**2 + 2*s. Let n be f(d). Let g(w) = w + 5. Give g(n).
1
Let j(r) be the first derivative of -r**2 + 4. Suppose -39 - 11 = -5*t. Let u = 11 - t. Calculate j(u).
-2
Let r(t) = -35*t + 47. Let u(w) = -46*w + 59. Let o(x) = 14*r(x) - 11*u(x). Give o(-3).
-39
Let i(t) = t**3 - 12*t**2 - 26*t - 37. Let o be 6/((3/28)/((-7)/(-28))). Let p be i(o). Let r(b) = b**2 + 9*b + 13. Give r(p).
13
Let s(v) = 3*v**2 + 27*v + 16 - 50*v + 26*v - 3 - 2*v**2. Determine s(-9).
67
Let q = 128 - 94. Let x(o) = o - 90 + 31 + 28 + 2*o + q. Calculate x(7).
24
Let f(z) = z**2 + 27*z + 161. Let j(g) = -g**3 + 43*g**2 + 37*g + 289. Let w be j(44). What is f(w)?
9
Suppose -6*d + 245*d = -79*d + 636. Let p(q) be the third derivative of 0*q + 0 - 1/20*q**5 + 5/24*q**4 + 2/3*q**3 - 1/120*q**6 + 3*q**d. Calculate p(-4).
0
Let q(d) = -15*d + 2. Let s = -163 - -168. Suppose -4 = -5*v + 2*b + 11, -2*v + 27 = -s*b. What is q(v)?
-13
Let i(b) be the second derivative of 20*b - 1/6*b**3 + 17/2*b**2 + 0. Give i(10).
7
Suppose 894 = 72*a + 318. Let n(q) = -8*q - 9. Give n(a).
-73
Let c(q) = -5*q + 45. Let i be ((-171)/(-15) - 5) + (-9)/(-15). Let t(h) = 8*h - 91. Let s(y) = i*c(y) + 4*t(y). Determine s(-15).
-4
Suppose -8*f = -6*f - 4. Suppose 2*m - 2 = f*x, 0 = -3*x - 2*m + m + 17. Let n(v) = 113*v - 56*v - 55*v. Calculate n(x).
8
Let o(n) be the third derivative of -n**6/120 + n**5/3 - 7*n**4/6 - 74*n**3/3 + 1534*n**2. Determine o(18).
-4
Let g = 269 + -259. Suppose 2*b - g = 2*o - 3*b, -4*o - 20 = 3*b. Let f(n) = n**2 + 5*n. Give f(o).
0
Let y(j) = -j**3 + j + 19. Suppose 0 = 5*z + 3*b + 1831, 0 = 5*z - 0*b + 2*b + 1829. Let s = z + 365. What is y(s)?
19
Suppose -5*r - 4*p = -21, 4*r - 3*p = -0 - 8. Let o(i) = -742098615 + 4*i**2 + 742098617 - i - 20*i**2. Determine o(r).
-15
Let y = 21 + -16. Suppose 2*w - 3*a - 6 = -4*a, 4 = w + a. Let j(v) = 9 - 3 + 1 + 6*v - 2*v**w. Give j(y).
-13
Let v be 1/(-2) - (-10)/4. Let x(o) = -v*o + 2 + 2*o**2 + 2*o + 2*o - 5*o + o. Determine x(-3).
26
Let i be -1*(3 - 4)*4. Let a be 2 + i - (-5)/5. Let z(l) = -14*l + 7*l**2 - 3 + a*l + 11*l + l**3. Calculate z(-6).
9
Let r(z) = 15 - 50*z**2 - 18 + 2*z - z**3 + 53*z**2. Let y(g) = -2*g. Let t(u) = r(u) - y(u). Determine t(4).
-3
Let p(d) = -5*d**2 + 6*d - 1. Let m be p(-6). Let t be -3 + m/(-35) + (-1)/5. Let i(w) = t*w - 4*w + 194 - 209. What is i(-9)?
-6
Suppose 3*c - b + 13 = 0, 15 = -3*c + 2*b + b. Let x(o) be the first derivative of 2*o - 1/4*o**4 - 4/3*o**3 + o**2 + 23. Calculate x(c).
-6
Let r(i) = 33*i**2 + 7*i - 6. Let x(z) = -7*z**2 + z + 1. Let j(h) = -r(h) - 6*x(h). Give j(3).
42
Let z(j) = -6*j + 1 - 1259*j**3 + 962*j**3 + 298*j**3. What is z(-2)?
5
Let i be -1 + 0 + 0 + (-1)/(-1). Let a be (8/(-32))/(i + 1/4). Let s(u) be the first derivative of -14*u**3/3 - u - 1. Give s(a).
-15
Let u(x) be the first derivative of -x**4/4 - 20*x**3/3 + 5*x - 6248. Determine u(-20).
5
Suppose -14 - 21 = 4*o - 5*r, r = -3*o - 12. Let l(w) = 4*w + 2. Let f(m) = 7*m + 3. Let p(g) = o*l(g) + 2*f(g). What is p(-5)?
26
Let b = -4280 - -4279. Let o(i) = 73*i**2 - 2*i - 1. Give o(b).
74
Suppose -7*n + 40 = -2*n. Suppose n = -w + 5*w. Let j(d) = -4*d**2 + 3*d - 3. Calculate j(w).
-13
Let f(a) = -55*a - 169. Let o be f(-3). Let b(c) = 5*c**2 - 5*c + 7 + c**3 - 25 + 5 + 8. Calculate b(o).
31
Let u(w) = -4*w - 62. Suppose 14*x - 2910 = 52*x + 156*x. What is u(x)?
-2
Let m(k) be the second derivative of -k**3 + 4*k**2 - 26768*k. Let g = -1 + 3. Calculate m(g).
-4
Let w(n) = 6 - 6*n + 224*n**2 - 520*n**2 + 305*n**2. Give w(2).
30
Let i = 570 + -568. Let w(t) = -4*t**2 + 7*t + 0 + 7*t**i - 2*t**2 + 8. Give w(-8).
16
Let r(n) = n**2 + 16*n + 31. Let b = 3649 - 3663. Determine r(b).
3
Suppose -t + 3*g = -48, t - 2*g - 88 = -7*g. Suppose t*p + 189 = 36*p. Let x(k) = k**3 - 2*k**3 + 9*k - 10 - 2*k**2 - 3*k**2. Calculate x(p).
25
Let y(j) = 4*j**2 + 5. Let v(n) = 7*n**2 + n + 1. Let r(t) = -3*v(t) + y(t). Determine r(1).
-18
Let g(x) = -3*x - 5*x + 10144 - 10131. Give g(2).
-3
Let z be 2/4 + (-126)/(-4) + -1. Let g(w